ded by 264?
41
Calculate the remainder when 23633717 is divided by 95.
92
What is the remainder when 5983568 is divided by 13599?
8
What is the remainder when 2067545 is divided by 1033764?
17
Calculate the remainder when 5898954 is divided by 6643.
6613
Calculate the remainder when 7790315 is divided by 75.
65
Calculate the remainder when 196818 is divided by 4100.
18
What is the remainder when 675730 is divided by 225239?
13
Calculate the remainder when 606998 is divided by 42.
14
What is the remainder when 2378603 is divided by 3485?
1833
Calculate the remainder when 15067343 is divided by 158603.
58
Calculate the remainder when 44221097 is divided by 89.
23
What is the remainder when 386096 is divided by 478?
350
Calculate the remainder when 2187964 is divided by 95128.
20
Calculate the remainder when 5295124 is divided by 1034.
10
What is the remainder when 130091660 is divided by 1385?
1380
What is the remainder when 26549678 is divided by 13274823?
32
Calculate the remainder when 37471 is divided by 37455.
16
Calculate the remainder when 11201 is divided by 10650.
551
Calculate the remainder when 18743843 is divided by 46.
39
What is the remainder when 1744285 is divided by 249174?
67
Calculate the remainder when 1557090 is divided by 311371.
235
What is the remainder when 146310 is divided by 10640?
7990
Calculate the remainder when 134591 is divided by 3111.
818
Calculate the remainder when 1272314 is divided by 1724.
2
What is the remainder when 1605177 is divided by 2421?
54
What is the remainder when 440547269 is divided by 146849080?
29
What is the remainder when 5569879 is divided by 1019?
25
Calculate the remainder when 47087213 is divided by 332.
317
What is the remainder when 1886979 is divided by 32?
3
What is the remainder when 52313 is divided by 12983?
381
What is the remainder when 22556921 is divided by 41?
33
Calculate the remainder when 11325216 is divided by 1415649.
24
Calculate the remainder when 932578 is divided by 495.
493
What is the remainder when 1203688 is divided by 287?
10
What is the remainder when 11568 is divided by 3138?
2154
What is the remainder when 308978 is divided by 307681?
1297
Calculate the remainder when 3957141 is divided by 359729.
122
What is the remainder when 23752848 is divided by 11876374?
100
What is the remainder when 118495 is divided by 39303?
586
Calculate the remainder when 286187 is divided by 285554.
633
Calculate the remainder when 1062960 is divided by 354261.
177
What is the remainder when 5459854 is divided by 132?
70
What is the remainder when 100538659 is divided by 397?
394
What is the remainder when 2528234 is divided by 298?
2
What is the remainder when 99534 is divided by 519?
405
Calculate the remainder when 3193753 is divided by 3914.
3843
Calculate the remainder when 30436 is divided by 117.
16
Calculate the remainder when 1779810 is divided by 2572.
2558
Calculate the remainder when 1168259 is divided by 129806.
5
Calculate the remainder when 773014571 is divided by 2342.
2341
Calculate the remainder when 11444525 is divided by 3898.
3895
Calculate the remainder when 2015313 is divided by 1949.
47
What is the remainder when 22530 is divided by 539?
431
Calculate the remainder when 11005388 is divided by 11.
9
What is the remainder when 98198 is divided by 4269?
11
Calculate the remainder when 3185876 is divided by 69.
8
Calculate the remainder when 1871932 is divided by 485.
317
What is the remainder when 4483533 is divided by 2166?
2079
Calculate the remainder when 315825917 is divided by 256.
253
What is the remainder when 100584 is divided by 50220?
144
What is the remainder when 21421 is divided by 2255?
1126
Calculate the remainder when 10830559 is divided by 260.
259
What is the remainder when 175980594 is divided by 7?
6
Calculate the remainder when 929721 is divided by 167.
32
Calculate the remainder when 8528 is divided by 3123.
2282
Calculate the remainder when 68323 is divided by 4857.
325
What is the remainder when 35334966 is divided by 5047842?
72
Calculate the remainder when 9214163 is divided by 239.
235
Calculate the remainder when 109958296 is divided by 2950.
2946
What is the remainder when 162490505 is divided by 10?
5
What is the remainder when 167380 is divided by 5976?
52
What is the remainder when 157525 is divided by 78759?
7
What is the remainder when 129352 is divided by 64299?
754
Calculate the remainder when 1142571 is divided by 17.
1
Calculate the remainder when 505338 is divided by 18.
6
Calculate the remainder when 330376 is divided by 18350.
76
What is the remainder when 11103 is divided by 2595?
723
What is the remainder when 360021 is divided by 179834?
353
Calculate the remainder when 61465 is divided by 11031.
6310
Calculate the remainder when 2501045 is divided by 35729.
15
Calculate the remainder when 1143203 is divided by 163312.
19
Calculate the remainder when 64843162 is divided by 1028.
6
Calculate the remainder when 4249058 is divided by 1062264.
2
Calculate the remainder when 16892832 is divided by 22.
0
What is the remainder when 115438 is divided by 304?
222
What is the remainder when 572351 is divided by 569736?
2615
What is the remainder when 16669607 is divided by 62200?
7
Calculate the remainder when 4536626 is divided by 11.
6
Calculate the remainder when 92632 is divided by 351.
319
Calculate the remainder when 767572 is divided by 3779.
435
Calculate the remainder when 18705985 is divided by 3741193.
20
Calculate the remainder when 4536367 is divided by 67.
65
Calculate the remainder when 234780871 is divided by 4122.
4117
Calculate the remainder when 202716 is divided by 67550.
66
What is the remainder when 100117857 is divided by 5295?
5292
What is the remainder when 36021 is divided by 370?
131
What is the remainder when 12168531 is divided by 56?
11
Calculate the remainder when 107569297 is divided by 51.
46
What is the remainder when 1177100 is divided by 3190?
3180
Calculate the remainder when 2688792 is divided by 448124.
48
What is the remainder when 6176589 is divided by 3088282?
25
Calculate the remainder when 5202846 is divided by 7098.
12
Calculate the remainder when 242099 is divided by 50.
49
Calculate the remainder when 202105 is divided by 1836.
145
What is the remainder when 295454 is divided by 3540?
1634
What is the remainder when 2557174 is divided by 1427?
1417
Calculate the remainder when 12200816 is divided by 37.
29
What is the remainder when 41704 is divided by 2935?
614
What is the remainder when 10255408 is divided by 21?
16
Calculate the remainder when 4100694 is divided by 110.
4
What is the remainder when 106852 is divided by 87?
16
What is the remainder when 1885672 is divided by 227?
210
What is the remainder when 1316976 is divided by 101305?
11
Calculate the remainder when 233381 is divided by 671.
544
What is the remainder when 370539 is divided by 370283?
256
What is the remainder when 902855 is divided by 1162?
1143
What is the remainder when 440070 is divided by 600?
270
Calculate the remainder when 16287804 is divided by 2035974.
12
What is the remainder when 5069872 is divided by 670?
652
Calculate the remainder when 5218631 is divided by 94.
33
Calculate the remainder when 1713935 is divided by 1571.
1545
Calculate the remainder when 4029444 is divided by 108903.
33
Calculate the remainder when 714796 is divided by 391.
48
Calculate the remainder when 33656 is divided by 16741.
174
Calculate the remainder when 2037414 is divided by 2310.
2304
Calculate the remainder when 161160 is divided by 4742.
4674
What is the remainder when 38206 is divided by 38205?
1
What is the remainder when 2203883 is divided by 484?
231
Calculate the remainder when 159644 is divided by 39826.
340
What is the remainder when 603173 is divided by 1935?
1388
Calculate the remainder when 2344046 is divided by 3172.
3110
What is the remainder when 13798103 is divided by 27988?
19
What is the remainder when 52151256 is divided by 323?
322
Calculate the remainder when 4143539 is divided by 172647.
11
Calculate the remainder when 13058 is divided by 6435.
188
What is the remainder when 1931294 is divided by 530?
504
What is the remainder when 2221311 is divided by 19833?
15
Calculate the remainder